{"id":97,"date":"2010-10-04T12:02:54","date_gmt":"2010-10-04T10:02:54","guid":{"rendered":"http:\/\/www.reynalddrouhin.net\/edu\/dataflow\/"},"modified":"2025-11-01T23:54:42","modified_gmt":"2025-11-01T21:54:42","slug":"recherche","status":"publish","type":"page","link":"https:\/\/www.reynalddrouhin.net\/edu\/dataflow\/recherche\/","title":{"rendered":"Recherche en \u00e9coles d&rsquo;Arts"},"content":{"rendered":"<p>Depuis 2000<\/p>\n<div class=\"wpra-display align\" data-display-id=\"2\" hx-target=\"this\" hx-swap=\"outerHTML\">    <div class=\"wp-rss-aggregator wpra-list-template \">\n        <ul class=\"rss-aggregator wpra-item-list wpra-item-list--bullets wpra-item-list--default\" start=\"1\">\n                <li class=\"wpra-item feed-item \">\n        <a href=\"https:\/\/red.reynalddrouhin.net\/archive\/hacking-dreams\/\" class=\"\" target=\"_blank\" rel=\"noopener noreferrer nofollow\" style=\"\">Hacking Dreams<\/a>\n\n        <div class=\"wprss-feed-meta\">\n                <span class=\"feed-source\">\n        Source: <a href=\"https:\/\/red.reynalddrouhin.net\/archive\/category\/evenement\/enseignement\/feed\/\" class=\"\" target=\"_blank\" rel=\"noopener noreferrer nofollow\" style=\"\">Enseignements<\/a>\n    <\/span>\n                <span class=\"feed-date\">\n        Published on: 2025-10-21\n    <\/span>\n            \n        <\/div>\n\n        \n    <\/li>    <li class=\"wpra-item feed-item \">\n        <a href=\"https:\/\/red.reynalddrouhin.net\/archive\/echos-du-chaos\/\" class=\"\" target=\"_blank\" rel=\"noopener noreferrer nofollow\" style=\"\">\u00c9chos du chaos<\/a>\n\n        <div class=\"wprss-feed-meta\">\n                <span class=\"feed-source\">\n        Source: <a href=\"https:\/\/red.reynalddrouhin.net\/archive\/category\/evenement\/enseignement\/feed\/\" class=\"\" target=\"_blank\" rel=\"noopener noreferrer nofollow\" style=\"\">Enseignements<\/a>\n    <\/span>\n                <span class=\"feed-date\">\n        Published on: 2024-05-21\n    <\/span>\n            \n        <\/div>\n\n        \n    <\/li>    <li class=\"wpra-item feed-item \">\n        <a href=\"https:\/\/red.reynalddrouhin.net\/archive\/effondrements-en-cours\/\" class=\"\" target=\"_blank\" rel=\"noopener noreferrer nofollow\" style=\"\">Effondrements en cours<\/a>\n\n        <div class=\"wprss-feed-meta\">\n                <span class=\"feed-source\">\n        Source: <a href=\"https:\/\/red.reynalddrouhin.net\/archive\/category\/evenement\/enseignement\/feed\/\" class=\"\" target=\"_blank\" rel=\"noopener noreferrer nofollow\" style=\"\">Enseignements<\/a>\n    <\/span>\n                <span class=\"feed-date\">\n        Published on: 2023-04-30\n    <\/span>\n            \n        <\/div>\n\n        \n    <\/li>    <li class=\"wpra-item feed-item \">\n        <a href=\"https:\/\/red.reynalddrouhin.net\/archive\/the-end-is-the-beginning\/\" class=\"\" target=\"_blank\" rel=\"noopener noreferrer nofollow\" style=\"\">The End is the Beginning<\/a>\n\n        <div class=\"wprss-feed-meta\">\n                <span class=\"feed-source\">\n        Source: <a href=\"https:\/\/red.reynalddrouhin.net\/archive\/category\/evenement\/enseignement\/feed\/\" class=\"\" target=\"_blank\" rel=\"noopener noreferrer nofollow\" style=\"\">Enseignements<\/a>\n    <\/span>\n                <span class=\"feed-date\">\n        Published on: 2021-04-23\n    <\/span>\n            \n        <\/div>\n\n        \n    <\/li>    <li class=\"wpra-item feed-item \">\n        <a href=\"https:\/\/red.reynalddrouhin.net\/archive\/temps-libre\/\" class=\"\" target=\"_blank\" rel=\"noopener noreferrer nofollow\" style=\"\">Temps Libre<\/a>\n\n        <div class=\"wprss-feed-meta\">\n                <span class=\"feed-source\">\n        Source: <a href=\"https:\/\/red.reynalddrouhin.net\/archive\/category\/evenement\/enseignement\/feed\/\" class=\"\" target=\"_blank\" rel=\"noopener noreferrer nofollow\" style=\"\">Enseignements<\/a>\n    <\/span>\n                <span class=\"feed-date\">\n        Published on: 2018-04-06\n    <\/span>\n            \n        <\/div>\n\n        \n    <\/li>    <li class=\"wpra-item feed-item \">\n        <a href=\"https:\/\/red.reynalddrouhin.net\/archive\/deconnexions\/\" class=\"\" target=\"_blank\" rel=\"noopener noreferrer nofollow\" style=\"\">D\u00e9connexions<\/a>\n\n        <div class=\"wprss-feed-meta\">\n                <span class=\"feed-source\">\n        Source: <a href=\"https:\/\/red.reynalddrouhin.net\/archive\/category\/evenement\/enseignement\/feed\/\" class=\"\" target=\"_blank\" rel=\"noopener noreferrer nofollow\" style=\"\">Enseignements<\/a>\n    <\/span>\n                <span class=\"feed-date\">\n        Published on: 2017-05-02\n    <\/span>\n            \n        <\/div>\n\n        \n    <\/li>    <li class=\"wpra-item feed-item \">\n        <a href=\"https:\/\/red.reynalddrouhin.net\/archive\/material-reality\/\" class=\"\" target=\"_blank\" rel=\"noopener noreferrer nofollow\" style=\"\">Material Reality<\/a>\n\n        <div class=\"wprss-feed-meta\">\n                <span class=\"feed-source\">\n        Source: <a href=\"https:\/\/red.reynalddrouhin.net\/archive\/category\/evenement\/enseignement\/feed\/\" class=\"\" target=\"_blank\" rel=\"noopener noreferrer nofollow\" style=\"\">Enseignements<\/a>\n    <\/span>\n                <span class=\"feed-date\">\n        Published on: 2016-04-22\n    <\/span>\n            \n        <\/div>\n\n        \n    <\/li>    <li class=\"wpra-item feed-item \">\n        <a href=\"https:\/\/red.reynalddrouhin.net\/archive\/rencontre-dans-la-vraie-vie\/\" class=\"\" target=\"_blank\" rel=\"noopener noreferrer nofollow\" style=\"\">Rencontre dans la vraie vie<\/a>\n\n        <div class=\"wprss-feed-meta\">\n                <span class=\"feed-source\">\n        Source: <a href=\"https:\/\/red.reynalddrouhin.net\/archive\/category\/evenement\/enseignement\/feed\/\" class=\"\" target=\"_blank\" rel=\"noopener noreferrer nofollow\" style=\"\">Enseignements<\/a>\n    <\/span>\n                <span class=\"feed-date\">\n        Published on: 2015-03-06\n    <\/span>\n            \n        <\/div>\n\n        \n    <\/li>    <li class=\"wpra-item feed-item \">\n        <a href=\"https:\/\/red.reynalddrouhin.net\/archive\/echo-archive\/\" class=\"\" target=\"_blank\" rel=\"noopener noreferrer nofollow\" style=\"\">\u00c9cho Archive<\/a>\n\n        <div class=\"wprss-feed-meta\">\n                <span class=\"feed-source\">\n        Source: <a href=\"https:\/\/red.reynalddrouhin.net\/archive\/category\/evenement\/enseignement\/feed\/\" class=\"\" target=\"_blank\" rel=\"noopener noreferrer nofollow\" style=\"\">Enseignements<\/a>\n    <\/span>\n                <span class=\"feed-date\">\n        Published on: 2014-04-01\n    <\/span>\n            \n        <\/div>\n\n        \n    <\/li>    <li class=\"wpra-item feed-item \">\n        <a href=\"https:\/\/red.reynalddrouhin.net\/archive\/pratiques-n22-de-lauto-archivage-immediat-comme-oeuvre\/\" class=\"\" target=\"_blank\" rel=\"noopener noreferrer nofollow\" style=\"\">Pratiques n\u00b022 : De l\u2019auto-archivage imm\u00e9diat comme oeuvre<\/a>\n\n        <div class=\"wprss-feed-meta\">\n                <span class=\"feed-source\">\n        Source: <a href=\"https:\/\/red.reynalddrouhin.net\/archive\/category\/evenement\/enseignement\/feed\/\" class=\"\" target=\"_blank\" rel=\"noopener noreferrer nofollow\" style=\"\">Enseignements<\/a>\n    <\/span>\n                <span class=\"feed-date\">\n        Published on: 2013-09-22\n    <\/span>\n            \n        <\/div>\n\n        \n    <\/li>    <li class=\"wpra-item feed-item \">\n        <a href=\"https:\/\/red.reynalddrouhin.net\/archive\/workflow\/\" class=\"\" target=\"_blank\" rel=\"noopener noreferrer nofollow\" style=\"\">WorkFlow<\/a>\n\n        <div class=\"wprss-feed-meta\">\n                <span class=\"feed-source\">\n        Source: <a href=\"https:\/\/red.reynalddrouhin.net\/archive\/category\/evenement\/enseignement\/feed\/\" class=\"\" target=\"_blank\" rel=\"noopener noreferrer nofollow\" style=\"\">Enseignements<\/a>\n    <\/span>\n                <span class=\"feed-date\">\n        Published on: 2013-03-23\n    <\/span>\n            \n        <\/div>\n\n        \n    <\/li>    <li class=\"wpra-item feed-item \">\n        <a href=\"https:\/\/red.reynalddrouhin.net\/archive\/dataflow\/\" class=\"\" target=\"_blank\" rel=\"noopener noreferrer nofollow\" style=\"\">DataFlow<\/a>\n\n        <div class=\"wprss-feed-meta\">\n                <span class=\"feed-source\">\n        Source: <a href=\"https:\/\/red.reynalddrouhin.net\/archive\/category\/evenement\/enseignement\/feed\/\" class=\"\" target=\"_blank\" rel=\"noopener noreferrer nofollow\" style=\"\">Enseignements<\/a>\n    <\/span>\n                <span class=\"feed-date\">\n        Published on: 2013-03-23\n    <\/span>\n            \n        <\/div>\n\n        \n    <\/li>    <li class=\"wpra-item feed-item \">\n        <a href=\"https:\/\/red.reynalddrouhin.net\/archive\/4gif4bis\/\" class=\"\" target=\"_blank\" rel=\"noopener noreferrer nofollow\" style=\"\">4gif4bis<\/a>\n\n        <div class=\"wprss-feed-meta\">\n                <span class=\"feed-source\">\n        Source: <a href=\"https:\/\/red.reynalddrouhin.net\/archive\/category\/evenement\/enseignement\/feed\/\" class=\"\" target=\"_blank\" rel=\"noopener noreferrer nofollow\" style=\"\">Enseignements<\/a>\n    <\/span>\n                <span class=\"feed-date\">\n        Published on: 2013-02-20\n    <\/span>\n            \n        <\/div>\n\n        \n    <\/li>    <li class=\"wpra-item feed-item \">\n        <a href=\"https:\/\/red.reynalddrouhin.net\/archive\/seminaire-de-recherche-de-lauto-archivage-immediat-comme-oeuvre\/\" class=\"\" target=\"_blank\" rel=\"noopener noreferrer nofollow\" style=\"\">S\u00e9minaire de recherche : De l\u2019auto-archivage imm\u00e9diat comme oeuvre<\/a>\n\n        <div class=\"wprss-feed-meta\">\n                <span class=\"feed-source\">\n        Source: <a href=\"https:\/\/red.reynalddrouhin.net\/archive\/category\/evenement\/enseignement\/feed\/\" class=\"\" target=\"_blank\" rel=\"noopener noreferrer nofollow\" style=\"\">Enseignements<\/a>\n    <\/span>\n                <span class=\"feed-date\">\n        Published on: 2012-12-10\n    <\/span>\n            \n        <\/div>\n\n        \n    <\/li>    <li class=\"wpra-item feed-item \">\n        <a href=\"https:\/\/red.reynalddrouhin.net\/archive\/ba3art\/\" class=\"\" target=\"_blank\" rel=\"noopener noreferrer nofollow\" style=\"\">BA3ART<\/a>\n\n        <div class=\"wprss-feed-meta\">\n                <span class=\"feed-source\">\n        Source: <a href=\"https:\/\/red.reynalddrouhin.net\/archive\/category\/evenement\/enseignement\/feed\/\" class=\"\" target=\"_blank\" rel=\"noopener noreferrer nofollow\" style=\"\">Enseignements<\/a>\n    <\/span>\n                <span class=\"feed-date\">\n        Published on: 2012-10-15\n    <\/span>\n            \n        <\/div>\n\n        \n    <\/li>\n        <\/ul>\n    <\/div> <\/div>\n<p>&nbsp;<\/p>\n","protected":false},"excerpt":{"rendered":"<p>Depuis 2000 &nbsp;<\/p>\n","protected":false},"author":20,"featured_media":0,"parent":0,"menu_order":0,"comment_status":"open","ping_status":"closed","template":"","meta":{"jetpack_post_was_ever_published":false,"footnotes":""},"class_list":["post-97","page","type-page","status-publish","hentry"],"jetpack_shortlink":"https:\/\/wp.me\/P72hC6-1z","jetpack-related-posts":[{"id":2,"url":"https:\/\/www.reynalddrouhin.net\/edu\/dataflow\/a-propos\/","url_meta":{"origin":97,"position":0},"title":"\u00c0 propos","author":"Reynald Drouhin","date":"17 juin 2010","format":false,"excerpt":"DataFlow est un espace de travail, de recherche et d\u2019archivage li\u00e9 \u00e0 l\u2019enseignement des arts contemporains \u00e0 l\u2019\u00c9cole des Beaux-Arts de Bretagne (EESAB Rennes). Cr\u00e9\u00e9 et coordonn\u00e9 par Reynald Drouhin, il accompagne la Traverse (atelier de recherche et de cr\u00e9ation) en documentant les projets \u00e9tudiants, les exp\u00e9rimentations collectives et les\u2026","rel":"","context":"Dans &quot;Non class\u00e9&quot;","block_context":{"text":"Non class\u00e9","link":"https:\/\/www.reynalddrouhin.net\/edu\/dataflow\/category\/non-classe\/"},"img":{"alt_text":"","src":"","width":0,"height":0},"classes":[]}],"jetpack_sharing_enabled":true,"_links":{"self":[{"href":"https:\/\/www.reynalddrouhin.net\/edu\/dataflow\/wp-json\/wp\/v2\/pages\/97","targetHints":{"allow":["GET"]}}],"collection":[{"href":"https:\/\/www.reynalddrouhin.net\/edu\/dataflow\/wp-json\/wp\/v2\/pages"}],"about":[{"href":"https:\/\/www.reynalddrouhin.net\/edu\/dataflow\/wp-json\/wp\/v2\/types\/page"}],"author":[{"embeddable":true,"href":"https:\/\/www.reynalddrouhin.net\/edu\/dataflow\/wp-json\/wp\/v2\/users\/20"}],"replies":[{"embeddable":true,"href":"https:\/\/www.reynalddrouhin.net\/edu\/dataflow\/wp-json\/wp\/v2\/comments?post=97"}],"version-history":[{"count":3,"href":"https:\/\/www.reynalddrouhin.net\/edu\/dataflow\/wp-json\/wp\/v2\/pages\/97\/revisions"}],"predecessor-version":[{"id":6466,"href":"https:\/\/www.reynalddrouhin.net\/edu\/dataflow\/wp-json\/wp\/v2\/pages\/97\/revisions\/6466"}],"wp:attachment":[{"href":"https:\/\/www.reynalddrouhin.net\/edu\/dataflow\/wp-json\/wp\/v2\/media?parent=97"}],"curies":[{"name":"wp","href":"https:\/\/api.w.org\/{rel}","templated":true}]}}